01043
Convert -11101101110110001000 (base 2) to base 10.
-974216
-2444 (base 12) to base 14
-16ba
Convert 201033214 (base 5) to base 11.
4a6491
What is 2014022 (base 8) in base 16?
81812
-5bb50 (base 12) to base 9
-208486
Convert -111312300 (base 4) to base 9.
-145716
Convert -14422417 (base 8) to base 5.
-1320130122
What is 51410442 (base 6) in base 12?
5b3a22
Convert -1758a1 (base 14) to base 10.
-822165
What is -15ab10 (base 12) in base 10?
-371388
Convert -546857 (base 9) to base 11.
-203396
4bd78 (base 14) to base 3
100110211111
What is -740805 (base 9) in base 16?
-6b7b0
Convert -1828c9 (base 16) to base 11.
-991619
-246347 (base 8) to base 2
-10100110011100111
a6150 (base 14) to base 9
670823
2520244 (base 6) to base 13
49519
Convert 4002204 (base 5) to base 16.
f554
317ccc (base 13) to base 9
2157215
What is 10000001111100000011 (base 2) in base 4?
2001330003
32607a (base 13) to base 8
4411034
Convert -173c91 (base 13) to base 3.
-1002110112220
Convert 202031312033 (base 4) to base 8.
42156617
-217423 (base 13) to base 14
-166c6b
What is 49b310 (base 13) in base 5?
423020113
What is 3522808 (base 9) in base 5?
441423204
What is 18c3a (base 14) in base 8?
172464
100200202102 (base 3) to base 14
4d780
Convert -40971 (base 10) to base 8.
-120013
What is -844271 (base 10) in base 11?
-52734a
410ea0 (base 15) to base 8
13625741
What is 342240414 (base 5) in base 2?
101110100001100000100
What is -26216 (base 14) in base 11?
-6444a
-1001120121020 (base 3) to base 10
-562497
310c7 (base 13) to base 10
88043
Convert 7981975 (base 10) to base 16.
79cb97
1b40977 (base 12) to base 15
79aae7
Convert -444cb5 (base 14) to base 10.
-2318447
What is -6359 (base 13) in base 10?
-13763
What is 18200 (base 16) in base 14?
28024
1712456 (base 8) to base 9
836607
What is 447a63 (base 11) in base 4?
2232022110
What is 323572 (base 8) in base 4?
122131322
What is 3764932 (base 11) in base 6?
352032450
Convert -8c9c7d (base 15) to base 13.
-15119aa
What is 3524114 (base 7) in base 6?
13255532
What is 403354 (base 6) in base 10?
31894
Convert 36aa1 (base 12) to base 14.
1d037
What is 207902 (base 13) in base 8?
2713300
Convert -999486 (base 10) to base 12.
-4024a6
What is -302353 (base 10) in base 16?
-49d11
-113213002 (base 4) to base 7
-551641
What is -185657 (base 10) in base 12?
-8b535
-3600a0 (base 11) to base 2
-10001011011011100101
What is 2035671 (base 10) in base 12?
822073
Convert -31041113 (base 5) to base 9.
-424521
Convert -232288 (base 10) to base 8.
-705540
Convert 213203025 (base 6) to base 5.
1432422403
-143203 (base 6) to base 16
-3573
Convert -a40553 (base 11) to base 14.
-31670d
-1ca781 (base 14) to base 10
-1027741
What is 1200040543 (base 6) in base 3?
221021221101200
-32113001 (base 6) to base 9
-1686301
-6152926 (base 10) to base 11
-352286a
Convert 1244531 (base 6) to base 13.
2520a
-10001100010000000000 (base 2) to base 9
-1065013
Convert -111013 (base 12) to base 11.
-175927
Convert -2356351 (base 7) to base 2.
-1001001001110111101
Convert -4917a (base 13) to base 7.
-1066336
Convert 15726740 (base 8) to base 6.
210113252
What is 11320223 (base 5) in base 8?
313766
-4d3d4 (base 14) to base 12
-92026
-174870 (base 12) to base 2
-1100010001011010100
Convert 12220301 (base 5) to base 9.
187375
What is 20baa (base 14) in base 5?
10013023
-649bd (base 14) to base 2
-111011011011001011
-13047377 (base 8) to base 15
-3c55c2
Convert -57008 (base 11) to base 13.
-2b746
18c04 (base 16) to base 11
6a194
What is 110062526 (base 7) in base 2?
11001001100001110110101
Convert -12128768 (base 9) to base 8.
-26463203
12222112210222 (base 3) to base 11
1882003
What is 10000111100110000 (base 2) in base 16?
10f30
11101101110101101 (base 2) to base 11
83543
-d9d72 (base 15) to base 5
-134112112
Convert -a0d783 (base 14) to base 5.
-2341243044
What is -634532 (base 7) in base 15?
-22775
-27ebe (base 15) to base 7
-1042526
-b8424 (base 13) to base 2
-1010001001010100101
Convert 89756 (base 10) to base 16.
15e9c
105540033 (base 7) to base 2
11000100101111001110101
What is -20c114 (base 14) in base 10?
-1108790
Convert 2102121221 (base 3) to base 13.
18a12
-2333231133 (base 4) to base 7
-6450231
What is -4310412441 (base 5) in base 4?
-202213310130
-1a588 (base 13) to base 7
-303053
What is -12004262 (base 7) in base 10?
-1060355
Convert -120221121221 (base 3) to base 10.
-313927
What is -1307411 (base 8) in base 7?
-3045043
What is 1a26a5 (base 11) in base 2?
1001011111010110100
1945541 (base 10) to base 13
531710
Convert 4727e6 (base 15) to base 7.
40621515
54819a9 (base 12) to base 16
f59451
-12101201330 (base 4) to base 12
-673938
Convert 541251a (base 11) to base 16.
914342
What is -5001246 (base 8) in base 14?
-261cb4
32111032310 (base 4) to base 16
3953b4
What is -121585 (base 10) in base 6?
-2334521
What is -1334814 (base 9) in base 12?
-2b3634
Convert -251588 (base 9) to base 6.
-3132125
Convert -549219 (base 10) to base 14.
-10421d
What is -302323332012 (base 4) in base 16?
-cbbf86
Convert -115237 (base 8) to base 4.
-21222133
What is -23011423 (base 5) in base 10?
-203988
46140 (base 16) to base 4
1012011000
What is -21c349 (base 13) in base 4?
-3002311333
What is 201232223 (base 4) in base 11?
94886
-2812ab (base 12) to base 9
-1224145
-1165221 (base 7) to base 15
-2e9b0
2156374 (base 8) to base 5
122041420
Convert 360532 (base 9) to base 2.
110100111101110011
Convert 176303 (base 11) to base 14.
7112a
26642054 (base 8) to base 4
112310100230
What is -22321442 (base 5) in base 9?
-332103
Convert -4559a (base 12) to base 4.
-112210012
What is -155c9 (base 16) in base 14?
-23c5b
10277126 (base 8) to base 11
126a182
Convert -2110024204 (base 5) to base 6.
-233450552
What is -9595d (base 16) in base 11?
-389371
What is -10101120020 (base 3) in base 15?
-14ba0
Convert 36110113 (base 7) to base 13.
87b800
-662 (base 14) to base 11
-a48
-52303456 (base 7) to base 6
-234224044
Convert 65201 (base 7) to base 12.
9478
-122012011011 (base 3) to base 2
-1010010100111000000
Convert 13176c (base 14) to base 3.
1020101121212
Convert 10102032 (base 6) to base 3.
112122021202
Convert -200211023330 (base 4) to base 14.
-11c4820
What is 130315001 (base 6) in base 15?
3541a4
Convert -521425305 (base 6) to base 10.
-9039497
-3a73134 (base 11) to base 9
-14206765
Convert 7426 (base 15) to base 16.
5ff1
What is 111111111101110101111 (base 2) in base 12?
850ba7
What is 765244 (base 8) in base 3?
111001002112
Convert -132130012011 (base 4) to base 6.
-443005353
Convert 10000100000011010110001 (base 2) to base 12.
1548129
Convert a4378 (base 11) to base 3.
21201202101
What is -668437 (base 11) in base 3?
-2000010100110
What is 447282 (base 9) in base 4?
1001120003
What is 2022816 (base 10) in base 13?
55a943
Convert -410440 (base 7) to base 2.
-10001000011011101
-28051 (base 13) to base 10
-74764
Convert 3242002 (base 5) to base 3.
2211122112
What is -1710701 (base 10) in base 13?
-47b865
What is -154353502 (base 6) in base 14?
-61b526
4275074 (base 8) to base 12
472a24
Convert 525198 (base 10) to base 16.
8038e
Convert 1375730 (base 8) to base 7.
3222205
Convert -76d7 (base 14) to base 2.
-101000001011101
What is 52a743 (base 12) in base 10?
1303971
What is -3322333300 (base 4) in base 7?
-11511214
-153b9f (base 16) to base 15
-1c747e
Convert -11472540 (base 10) to base 9.
-23525326
-11121332120 (base 4) to base 14
-28c624
What is -501332 (base 7) in base 15?
-1a0b8
41336057 (base 8) to base 2
100001011011110000101111
What is 58dd5 (base 14) in base 8?
647277
What is -24124556 (base 8) in base 11?
-2a90706
What is -6900 (base 15) in base 7?
-121641
1101001011010010011 (base 2) to base 11
275432
Convert -8728a9 (base 13) to base 11.
-187a325
What is -32130120 (base 4) in base 16?
-e718
-5532421 (base 6) to base 8
-1034235
a75a (base 13) to base 14
8672
3001201032 (base 4) to base 9
1437276
Convert 23615b0 (base 12) to base 9.
13783176
Convert 1345225 (base 7) to base 14.
495bc
Convert -1123123033 (base 4) to base 6.
-12005411
Convert 443453 (base 8) to base 5.
14234131
What is -634114 (base 8) in base 16?
-3384c
Convert -1111110110101000110010 (base 2) to base 13.
-b2685a
What is -1274500 (base 10) in base 11?
-7a0607
What is 190984b (base 12) in base 11?
2a60629
Wha